= w**2 + w + 13. Let l be j(0). Calculate the highest common divisor of x and l.
13
Let p(f) = -2*f**3 + 12*f**2 - 10*f + 6. Let s be p(5). What is the highest common factor of 12 and s?
6
Let x be (24/(-9))/((-4)/6). Suppose -2*m + x*m = 14. Let z = m - -3. Calculate the highest common divisor of 20 and z.
10
Let p(s) = s**3 - 3*s**2 - 6*s - 7. Let l be p(5). Calculate the greatest common factor of 39 and l.
13
Suppose 5*h - 17 = 58. Let q be 6/h + 18/5. Let m be 41/5 + (-2)/10. What is the highest common factor of m and q?
4
Let i be (24/(-36))/(107/108 - 1). Let m be ((-18)/(-2) - 0)*1. Calculate the greatest common divisor of m and i.
9
Suppose 197 = 2*q - 73. Let o be 1/2 - (-3)/(-6). Suppose -4*v + 60 = 5*p - 4*p, 5*v + p - 75 = o. Calculate the greatest common factor of v and q.
15
Let l = -1 - -20. Suppose 2*k = l + 27. Suppose 3 - k = -r. What is the highest common factor of r and 30?
10
Suppose -3 + 20 = i - 4*b, 0 = -i - 4*b - 7. What is the greatest common factor of 5 and i?
5
Suppose 4*r - 168 = 12. What is the highest common divisor of 9 and r?
9
Let z = -39 - -45. What is the greatest common factor of 12 and z?
6
Suppose 3*o + o = 5*x, 5 = o. What is the highest common factor of 28 and x?
4
Suppose -25 = -5*b + 2*i, -2*i - 7 = -2*b + 3. Suppose 4*d - 616 = -6*a + a, -d = -b*a - 154. What is the highest common divisor of 14 and d?
14
Let d = 10 - -18. Let a(h) = -h**3 - 7*h**2 - 2*h - 8. Let i be a(-7). Suppose -i - 2 = -2*t. Calculate the greatest common divisor of d and t.
4
Suppose 0 = -z + 4*z - 6. Let o be (100*1)/(2/z). Let g be (0 + 1)/(4/o). Calculate the greatest common divisor of 50 and g.
25
Let r = -277 - -431. Calculate the greatest common factor of r and 22.
22
Let z = 17 - -7. Suppose -5*s + 26 = -4. Calculate the greatest common divisor of z and s.
6
Let k be (-12)/(-2) - (-3 + 1). Calculate the greatest common divisor of 32 and k.
8
Suppose -2*a + 12 = -x - 17, 2*a + 4*x = 44. What is the highest common divisor of 72 and a?
8
Let s(x) be the third derivative of x**6/120 + x**5/15 + x**4/24 - 2*x**2. Let d be s(-3). What is the greatest common divisor of 3 and d?
3
Let o = 9 - -2. Let l(q) = -q**3 + 2*q**2 + 3*q - 2. Let j be l(3). Let w be 6*(o - (3 + j)). Calculate the highest common factor of 6 and w.
6
Suppose 0 = -k - 4, -3*k + 311 = 3*o - 2*k. Calculate the highest common factor of 42 and o.
21
Let f be (-3)/(-2)*-1*56. Let u be f/(-10) + 2/(-5). Let z be (-98)/(-4) - (-4)/(-8). Calculate the greatest common factor of z and u.
8
Let s be (-2 - 5)/((-1)/(-2)). Let u = -5 - s. Calculate the highest common factor of u and 9.
9
Let f be (16/(-6))/((-2)/(-33)). Let q = 80 + f. What is the highest common divisor of 4 and q?
4
Let j(c) = -c**3 + 10*c**2 - 8*c - 4. Let b be j(9). Calculate the greatest common factor of b and 40.
5
Let u = -383 - -645. Suppose -2*q + u = -f + 5*f, q = -f + 68. Calculate the greatest common factor of f and 7.
7
Let r(w) = -w + 5. Let b be r(5). Let l = b + 4. What is the greatest common divisor of 4 and l?
4
Let z(u) = u**2 + u - 3. Let x(a) = -a**3 + 8*a**2 - a + 5. Let t be x(8). Let i be z(t). Calculate the greatest common factor of i and 27.
3
Suppose u + 121 - 46 = 4*a, 4*a - 4*u - 84 = 0. Let x be 5*3 + (-3 - (-2 + -4)). Calculate the greatest common divisor of a and x.
18
Let l(h) = -2*h - 2 + h - 2*h - h. Let j be l(-1). Calculate the greatest common factor of j and 4.
2
Let c be (-1)/(-3) + ((-104)/(-12) - -5). Calculate the highest common divisor of c and 7.
7
Suppose -z = 4*z. Suppose z = 2*j - 6*j + 104. Let a be (-44)/33*3/(-2) - -63. Calculate the greatest common divisor of j and a.
13
Let s(o) = 24*o. Let i be s(1). Suppose 3*h - i = -t, -h - 32 = -3*t - 2*h. Calculate the highest common factor of 6 and t.
3
Suppose 5*h + 2*w - 890 = 0, 8*w - 3*w - 25 = 0. Calculate the greatest common factor of 16 and h.
16
Let y = -3 + 4. Let i be 8/4 - y*-2. Calculate the greatest common divisor of i and 16.
4
Let h = -53 - -261. Calculate the greatest common divisor of 26 and h.
26
Let u(s) = s**2 - 4*s - 4. Let x be u(10). Calculate the greatest common divisor of x and 14.
14
Let z be -3*12*2/9. Let p = z - -12. Suppose 0 = 4*w - 6*w + 16. Calculate the highest common factor of w and p.
4
Let u be ((-8)/16)/(2/(-864)). What is the greatest common factor of 27 and u?
27
Suppose -6 = -3*p + 3. Suppose 3*g + p = 3*u - 30, 2*g + 38 = 4*u. What is the highest common divisor of 16 and u?
8
Suppose 5*c - 6 = 9. Let f be c/((-14)/(-4) + -2). Suppose -r = 2*a - 12, r - 7 = f*a - 27. Calculate the highest common factor of 12 and a.
4
Let l = 138 - 30. Let w be (-4 + -2 + 4)*-6. Calculate the highest common divisor of l and w.
12
Suppose 20 = s - 3*d, 9 = -4*d - 11. Calculate the highest common divisor of 25 and s.
5
Let t = 176 - 158. What is the highest common divisor of t and 162?
18
Let y(x) = -8*x - 10. Let q = 2 + -6. Let w be y(q). Calculate the highest common divisor of 88 and w.
22
Let q(d) = 3*d**2 + 7*d + 4. Let a be q(-4). Let m = 8 - 2. Calculate the highest common divisor of a and m.
6
Suppose 0 = 4*l, -10 = -c - 0*l + 2*l. Calculate the highest common factor of 50 and c.
10
Suppose 20 = 5*l, -6*l + 1175 = 5*j - l. Calculate the highest common factor of j and 33.
33
Suppose -2*h + 248 = -0*h. Suppose 100 = 4*k - h. Suppose -2*v - z = -11, 6*v - 43 = 2*v + 5*z. Calculate the highest common divisor of k and v.
7
Let k = -2 - -5. Let s be ((-4)/5)/(k/(-300)). Calculate the highest common divisor of s and 10.
10
Suppose -5*s + 117 = -423. Suppose 132 = 4*h - s. Let z = 26 - 14. Calculate the highest common divisor of h and z.
12
Suppose -5*h + 2*m = -2*m - 36, 5*m = h - 24. Let v be (21/(-15) - -1)*-50. What is the highest common factor of h and v?
4
Let v = -21 + 51. Calculate the greatest common factor of v and 15.
15
Suppose 8*m = 5*m + 165. What is the highest common factor of m and 11?
11
Suppose -2*o + 2*y = 38, 3*o = -2*o - y - 65. Let i be (-7)/o + 23/2. What is the greatest common divisor of 96 and i?
12
Suppose -18 - 5 = -3*r - 2*d, -3*r = -3*d - 3. Suppose 0 = -2*u + 99 - 9. What is the greatest common divisor of r and u?
5
Let i = 2 + 3. Suppose 3*o + 4*j = -7, o + 4*j = 2*j - 5. Let z be 3/o*(-3 + 38). What is the greatest common divisor of z and i?
5
Suppose -3*c - 330 = -9*c. Calculate the greatest common divisor of 11 and c.
11
Let z(w) = w**3 - 6*w**2 - 8*w + 9. Let m be z(7). Suppose 0 = -2*b - m*b + 336. What is the highest common divisor of 12 and b?
12
Let j = 1 + 19. What is the greatest common factor of j and 10?
10
Let x(t) be the first derivative of -t**3/3 + 3*t**2/2 - t + 3. Let z be x(2). Calculate the highest common divisor of 7 and z.
1
Let l(k) = 5*k - 38. Let n be l(8). What is the greatest common divisor of 14 and n?
2
Let l = 11 - 1. Let o be (-19 + -1)*(-8)/l. Calculate the highest common factor of 176 and o.
16
Let h be 62 + (6/2 - 0). Calculate the highest common divisor of 26 and h.
13
Let p(n) = n**3 - 6*n**2 + 2*n - 6. Let d be p(6). Suppose -d + 3 = -3*x. Let r = 9 - x. What is the highest common factor of 24 and r?
8
Suppose -4*n + 6*n - 8 = 0. Calculate the highest common divisor of 8 and n.
4
Let v be 2*(2 + -1) - 70. Let m = -12 - v. Let s = -2 + 9. What is the greatest common divisor of m and s?
7
Let n(v) = -9*v**3 - v**2 + 2*v - 1. Let y be n(1). Let a(b) = 1 + b**2 - 1 + 8*b - 4. Let c be a(y). Calculate the highest common factor of 10 and c.
5
Suppose 0 = -2*s + 15 + 5. What is the highest common factor of s and 20?
10
Suppose 45*o = 48*o - 81. Calculate the greatest common divisor of o and 63.
9
Let y(u) = 4*u - 20. Let k be y(7). Suppose -4*l + 15 = l + v, -2*v = -4*l + 26. Suppose 3*s = l*s - 8. Calculate the highest common divisor of k and s.
8
Let h be (20/100)/(1/55). Suppose -u = -3, 4*u - 30 = -2*b - 10. Let s = b + -3. What is the greatest common divisor of s and h?
1
Let j = -3 - 8. Let v(d) = d**3 + 11*d**2 - d - 2. Let h be v(j). What is the highest common divisor of h and 27?
9
Let n = -45 + 46. Calculate the greatest common divisor of 12 and n.
1
Let x(r) = r**2 + r + 3. Let o be x(0). Let u(g) = 2*g**2 + g. Let t be u(1). Suppose -3 = 2*c - t*c. What is the greatest common divisor of o and c?
3
Let o(a) = 20*a**2 